{"id":13700,"date":"2024-08-29T09:32:13","date_gmt":"2024-08-29T12:32:13","guid":{"rendered":"https:\/\/www.amigosdoantigo.com.br\/site\/?page_id=13700"},"modified":"2025-08-07T12:25:59","modified_gmt":"2025-08-07T15:25:59","slug":"participe-da-41o-exposicao-de-automoveis-antigos-em-teresopolis-rj-clube-amigos-do-antigo","status":"publish","type":"page","link":"https:\/\/www.amigosdoantigo.com.br\/site\/","title":{"rendered":"Participe da 42\u00ba Exposi\u00e7\u00e3o de Autom\u00f3veis Antigos em Teres\u00f3polis-RJ &#8211; Clube Amigos do Antigo"},"content":{"rendered":"\t\t<div data-elementor-type=\"wp-page\" data-elementor-id=\"13700\" class=\"elementor elementor-13700\" data-elementor-post-type=\"page\">\n\t\t\t\t<div class=\"elementor-element elementor-element-8c4d3ba e-flex e-con-boxed e-con e-parent\" data-id=\"8c4d3ba\" data-element_type=\"container\" data-e-type=\"container\" data-settings=\"{&quot;background_background&quot;:&quot;classic&quot;}\">\n\t\t\t\t\t<div class=\"e-con-inner\">\n\t\t<div class=\"elementor-element elementor-element-5956dbc e-con-full e-flex e-con e-child\" data-id=\"5956dbc\" data-element_type=\"container\" data-e-type=\"container\" data-settings=\"{&quot;background_background&quot;:&quot;classic&quot;}\">\n\t\t\t\t<div class=\"elementor-element elementor-element-9387f3b elementor-widget elementor-widget-image\" data-id=\"9387f3b\" data-element_type=\"widget\" data-e-type=\"widget\" data-widget_type=\"image.default\">\n\t\t\t\t<div class=\"elementor-widget-container\">\n\t\t\t\t\t\t\t\t\t\t\t\t\t\t\t<img fetchpriority=\"high\" decoding=\"async\" width=\"800\" height=\"442\" src=\"https:\/\/www.amigosdoantigo.com.br\/site\/wp-content\/uploads\/2025\/08\/Logo-42-Exposicao-de-Carros-Antigos-de-Teresopolis-Amigos-do-Antigo.png\" class=\"attachment-large size-large wp-image-13747\" alt=\"\" srcset=\"https:\/\/www.amigosdoantigo.com.br\/site\/wp-content\/uploads\/2025\/08\/Logo-42-Exposicao-de-Carros-Antigos-de-Teresopolis-Amigos-do-Antigo.png 1000w, https:\/\/www.amigosdoantigo.com.br\/site\/wp-content\/uploads\/2025\/08\/Logo-42-Exposicao-de-Carros-Antigos-de-Teresopolis-Amigos-do-Antigo-300x166.png 300w, https:\/\/www.amigosdoantigo.com.br\/site\/wp-content\/uploads\/2025\/08\/Logo-42-Exposicao-de-Carros-Antigos-de-Teresopolis-Amigos-do-Antigo-768x424.png 768w, https:\/\/www.amigosdoantigo.com.br\/site\/wp-content\/uploads\/2025\/08\/Logo-42-Exposicao-de-Carros-Antigos-de-Teresopolis-Amigos-do-Antigo-500x276.png 500w, https:\/\/www.amigosdoantigo.com.br\/site\/wp-content\/uploads\/2025\/08\/Logo-42-Exposicao-de-Carros-Antigos-de-Teresopolis-Amigos-do-Antigo-700x386.png 700w\" sizes=\"(max-width: 800px) 100vw, 800px\" \/>\t\t\t\t\t\t\t\t\t\t\t\t\t\t\t<\/div>\n\t\t\t\t<\/div>\n\t\t\t\t<div class=\"elementor-element elementor-element-5f298bd elementor-widget elementor-widget-heading\" data-id=\"5f298bd\" data-element_type=\"widget\" data-e-type=\"widget\" data-widget_type=\"heading.default\">\n\t\t\t\t<div class=\"elementor-widget-container\">\n\t\t\t\t\t<h2 class=\"elementor-heading-title elementor-size-default\">\ud83d\udcc5 Dias 5, 6 e 7 de Setembro de 2025<\/h2>\t\t\t\t<\/div>\n\t\t\t\t<\/div>\n\t\t\t\t<div class=\"elementor-element elementor-element-173eea7 elementor-widget elementor-widget-heading\" data-id=\"173eea7\" data-element_type=\"widget\" data-e-type=\"widget\" data-widget_type=\"heading.default\">\n\t\t\t\t<div class=\"elementor-widget-container\">\n\t\t\t\t\t<h2 class=\"elementor-heading-title elementor-size-default\"><a href=\"https:\/\/www.google.com\/maps\/place\/Teres\u00f3polis+Golf+Club\/@-22.3951463,-42.9860392,15z\/data=!4m2!3m1!1s0x0:0xe9aa38bf937a34a7?sa=X&#038;ved=1t:2428&#038;ictx=111\">\ud83d\udccd Golf Club Teres\u00f3polis - RJ<\/a><\/h2>\t\t\t\t<\/div>\n\t\t\t\t<\/div>\n\t\t\t\t<\/div>\n\t\t<div class=\"elementor-element elementor-element-26dfc40 e-con-full e-flex e-con e-child\" data-id=\"26dfc40\" data-element_type=\"container\" data-e-type=\"container\">\n\t\t<div class=\"elementor-element elementor-element-e85844f e-con-full e-flex e-con e-child\" data-id=\"e85844f\" data-element_type=\"container\" data-e-type=\"container\">\n\t\t\t\t<div class=\"elementor-element elementor-element-656508d elementor-align-center elementor-widget__width-initial elementor-widget elementor-widget-button\" data-id=\"656508d\" data-element_type=\"widget\" data-e-type=\"widget\" data-widget_type=\"button.default\">\n\t\t\t\t<div class=\"elementor-widget-container\">\n\t\t\t\t\t\t\t\t\t<div class=\"elementor-button-wrapper\">\n\t\t\t\t\t<a class=\"elementor-button elementor-button-link elementor-size-sm\" href=\"https:\/\/www.sympla.com.br\/evento\/42-exposicao-de-automoveis-antigos-de-teresopolis-expositor\/2971062?fbclid=PAZXh0bgNhZW0CMTEAAadT_S_H2NyJM6K-snXFUqeDHPJ1keqkVYkut7HunZ0t9veAgEhK6ldgunwKAw_aem_xAzG6BO8k_dW5qPvbtNxTw&#038;referrer=l.instagram.com&#038;share_id=copiarlink\" target=\"_blank\">\n\t\t\t\t\t\t<span class=\"elementor-button-content-wrapper\">\n\t\t\t\t\t\t\t\t\t<span class=\"elementor-button-text\">Seja um associado do clube<\/span>\n\t\t\t\t\t<\/span>\n\t\t\t\t\t<\/a>\n\t\t\t\t<\/div>\n\t\t\t\t\t\t\t\t<\/div>\n\t\t\t\t<\/div>\n\t\t\t\t<div class=\"elementor-element elementor-element-197c48d elementor-align-center elementor-widget__width-initial elementor-widget elementor-widget-button\" data-id=\"197c48d\" data-element_type=\"widget\" data-e-type=\"widget\" data-widget_type=\"button.default\">\n\t\t\t\t<div class=\"elementor-widget-container\">\n\t\t\t\t\t\t\t\t\t<div class=\"elementor-button-wrapper\">\n\t\t\t\t\t<a class=\"elementor-button elementor-button-link elementor-size-sm\" href=\"https:\/\/www.sympla.com.br\/evento\/42-exposicao-de-automoveis-antigos-de-teresopolis-expositor\/2971062?fbclid=PAZXh0bgNhZW0CMTEAAadT_S_H2NyJM6K-snXFUqeDHPJ1keqkVYkut7HunZ0t9veAgEhK6ldgunwKAw_aem_xAzG6BO8k_dW5qPvbtNxTw&#038;referrer=l.instagram.com\" target=\"_blank\">\n\t\t\t\t\t\t<span class=\"elementor-button-content-wrapper\">\n\t\t\t\t\t\t\t\t\t<span class=\"elementor-button-text\">Inscreva-se na 42\u00ba exposi\u00e7\u00e3o<\/span>\n\t\t\t\t\t<\/span>\n\t\t\t\t\t<\/a>\n\t\t\t\t<\/div>\n\t\t\t\t\t\t\t\t<\/div>\n\t\t\t\t<\/div>\n\t\t\t\t<\/div>\n\t\t\t\t<div class=\"elementor-element elementor-element-1de80a6 elementor-widget__width-initial elementor-widget-tablet__width-initial elementor-widget elementor-widget-gallery\" data-id=\"1de80a6\" data-element_type=\"widget\" data-e-type=\"widget\" data-settings=\"{&quot;columns&quot;:3,&quot;columns_tablet&quot;:3,&quot;columns_mobile&quot;:3,&quot;gap&quot;:{&quot;unit&quot;:&quot;px&quot;,&quot;size&quot;:40,&quot;sizes&quot;:[]},&quot;gap_tablet&quot;:{&quot;unit&quot;:&quot;px&quot;,&quot;size&quot;:42,&quot;sizes&quot;:[]},&quot;gap_mobile&quot;:{&quot;unit&quot;:&quot;px&quot;,&quot;size&quot;:40,&quot;sizes&quot;:[]},&quot;aspect_ratio&quot;:&quot;1:1&quot;,&quot;lazyload&quot;:&quot;yes&quot;,&quot;gallery_layout&quot;:&quot;grid&quot;,&quot;content_hover_animation&quot;:&quot;fade-in&quot;}\" data-widget_type=\"gallery.default\">\n\t\t\t\t<div class=\"elementor-widget-container\">\n\t\t\t\t\t\t\t<div class=\"elementor-gallery__container\">\n\t\t\t\t\t\t\t<div class=\"e-gallery-item elementor-gallery-item elementor-animated-content\">\n\t\t\t\t\t<div class=\"e-gallery-image elementor-gallery-item__image\" data-thumbnail=\"https:\/\/www.amigosdoantigo.com.br\/site\/wp-content\/uploads\/2024\/08\/Creditos-01-300x300.png\" data-width=\"300\" data-height=\"300\" aria-label=\"\" role=\"img\" ><\/div>\n\t\t\t\t\t\t\t\t\t\t\t\t\t\t<\/div>\n\t\t\t\t\t\t\t<div class=\"e-gallery-item elementor-gallery-item elementor-animated-content\">\n\t\t\t\t\t<div class=\"e-gallery-image elementor-gallery-item__image\" data-thumbnail=\"https:\/\/www.amigosdoantigo.com.br\/site\/wp-content\/uploads\/2025\/08\/Logo-FVBA--300x300.png\" data-width=\"300\" data-height=\"300\" aria-label=\"\" role=\"img\" ><\/div>\n\t\t\t\t\t\t\t\t\t\t\t\t\t\t<\/div>\n\t\t\t\t\t\t\t<div class=\"e-gallery-item elementor-gallery-item elementor-animated-content\">\n\t\t\t\t\t<div class=\"e-gallery-image elementor-gallery-item__image\" data-thumbnail=\"https:\/\/www.amigosdoantigo.com.br\/site\/wp-content\/uploads\/2024\/08\/Creditos-03-300x300.png\" data-width=\"300\" data-height=\"300\" aria-label=\"\" role=\"img\" ><\/div>\n\t\t\t\t\t\t\t\t\t\t\t\t\t\t<\/div>\n\t\t\t\t\t<\/div>\n\t\t\t\t\t<\/div>\n\t\t\t\t<\/div>\n\t\t\t\t<\/div>\n\t\t\t\t\t<\/div>\n\t\t\t\t<\/div>\n\t\t\t\t<\/div>\n\t\t","protected":false},"excerpt":{"rendered":"<p>O mais aguardado evento de carros antigos da serra fluminense vem a\u00ed!<\/p>\n<p>De 5 a 7 de Setembro, nos reunimos de novo no Teres\u00f3polis Golf Club pra celebrar hist\u00f3ria, amizade e motores que fazem o cora\u00e7\u00e3o acelerar!<\/p>\n<p>\ud83d\udd14 Anota a\u00ed e compartilha com os amigos!<\/p>\n","protected":false},"author":50,"featured_media":13782,"parent":0,"menu_order":0,"comment_status":"closed","ping_status":"closed","template":"elementor_canvas","meta":{"footnotes":""},"class_list":["post-13700","page","type-page","status-publish","has-post-thumbnail","hentry"],"yoast_head":"<!-- This site is optimized with the Yoast SEO plugin v27.1.1 - https:\/\/yoast.com\/product\/yoast-seo-wordpress\/ -->\n<title>Participe da 42\u00ba Exposi\u00e7\u00e3o de Autom\u00f3veis Antigos em Teres\u00f3polis-RJ - Clube Amigos do Antigo - Clube Amigos do Antigo<\/title>\n<meta name=\"robots\" content=\"index, follow, max-snippet:-1, max-image-preview:large, max-video-preview:-1\" \/>\n<link rel=\"canonical\" href=\"https:\/\/www.amigosdoantigo.com.br\/site\/\" \/>\n<meta property=\"og:locale\" content=\"pt_BR\" \/>\n<meta property=\"og:type\" content=\"article\" \/>\n<meta property=\"og:title\" content=\"Participe da 42\u00ba Exposi\u00e7\u00e3o de Autom\u00f3veis Antigos em Teres\u00f3polis-RJ - Clube Amigos do Antigo - Clube Amigos do Antigo\" \/>\n<meta property=\"og:description\" content=\"O mais aguardado evento de carros antigos da serra fluminense vem a\u00ed! De 5 a 7 de Setembro, nos reunimos de novo no Teres\u00f3polis Golf Club pra celebrar hist\u00f3ria, amizade e motores que fazem o cora\u00e7\u00e3o acelerar! \ud83d\udd14 Anota a\u00ed e compartilha com os amigos!\" \/>\n<meta property=\"og:url\" content=\"https:\/\/www.amigosdoantigo.com.br\/site\/\" \/>\n<meta property=\"og:site_name\" content=\"Clube Amigos do Antigo\" \/>\n<meta property=\"article:publisher\" content=\"https:\/\/www.facebook.com\/amigosdoantigo\" \/>\n<meta property=\"article:modified_time\" content=\"2025-08-07T15:25:59+00:00\" \/>\n<meta property=\"og:image\" content=\"https:\/\/www.amigosdoantigo.com.br\/site\/wp-content\/uploads\/2025\/08\/42-Exposicao-de-carros-antigos-de-teresopolis.jpg\" \/>\n\t<meta property=\"og:image:width\" content=\"500\" \/>\n\t<meta property=\"og:image:height\" content=\"625\" \/>\n\t<meta property=\"og:image:type\" content=\"image\/jpeg\" \/>\n<meta name=\"twitter:card\" content=\"summary_large_image\" \/>\n<meta name=\"twitter:label1\" content=\"Est. tempo de leitura\" \/>\n\t<meta name=\"twitter:data1\" content=\"1 minuto\" \/>\n<script type=\"application\/ld+json\" class=\"yoast-schema-graph\">{\"@context\":\"https:\/\/schema.org\",\"@graph\":[{\"@type\":\"WebPage\",\"@id\":\"https:\/\/www.amigosdoantigo.com.br\/site\/\",\"url\":\"https:\/\/www.amigosdoantigo.com.br\/site\/\",\"name\":\"Participe da 42\u00ba Exposi\u00e7\u00e3o de Autom\u00f3veis Antigos em Teres\u00f3polis-RJ - Clube Amigos do Antigo - Clube Amigos do Antigo\",\"isPartOf\":{\"@id\":\"https:\/\/www.amigosdoantigo.com.br\/site\/#website\"},\"primaryImageOfPage\":{\"@id\":\"https:\/\/www.amigosdoantigo.com.br\/site\/#primaryimage\"},\"image\":{\"@id\":\"https:\/\/www.amigosdoantigo.com.br\/site\/#primaryimage\"},\"thumbnailUrl\":\"https:\/\/www.amigosdoantigo.com.br\/site\/wp-content\/uploads\/2025\/08\/42-Exposicao-de-carros-antigos-de-teresopolis.jpg\",\"datePublished\":\"2024-08-29T12:32:13+00:00\",\"dateModified\":\"2025-08-07T15:25:59+00:00\",\"breadcrumb\":{\"@id\":\"https:\/\/www.amigosdoantigo.com.br\/site\/#breadcrumb\"},\"inLanguage\":\"pt-BR\",\"potentialAction\":[{\"@type\":\"ReadAction\",\"target\":[\"https:\/\/www.amigosdoantigo.com.br\/site\/\"]}]},{\"@type\":\"ImageObject\",\"inLanguage\":\"pt-BR\",\"@id\":\"https:\/\/www.amigosdoantigo.com.br\/site\/#primaryimage\",\"url\":\"https:\/\/www.amigosdoantigo.com.br\/site\/wp-content\/uploads\/2025\/08\/42-Exposicao-de-carros-antigos-de-teresopolis.jpg\",\"contentUrl\":\"https:\/\/www.amigosdoantigo.com.br\/site\/wp-content\/uploads\/2025\/08\/42-Exposicao-de-carros-antigos-de-teresopolis.jpg\",\"width\":500,\"height\":625},{\"@type\":\"BreadcrumbList\",\"@id\":\"https:\/\/www.amigosdoantigo.com.br\/site\/#breadcrumb\",\"itemListElement\":[{\"@type\":\"ListItem\",\"position\":1,\"name\":\"In\u00edcio\",\"item\":\"https:\/\/www.amigosdoantigo.com.br\/site\/\"},{\"@type\":\"ListItem\",\"position\":2,\"name\":\"Participe da 42\u00ba Exposi\u00e7\u00e3o de Autom\u00f3veis Antigos em Teres\u00f3polis-RJ &#8211; Clube Amigos do Antigo\"}]},{\"@type\":\"WebSite\",\"@id\":\"https:\/\/www.amigosdoantigo.com.br\/site\/#website\",\"url\":\"https:\/\/www.amigosdoantigo.com.br\/site\/\",\"name\":\"Clube Amigos do Antigo\",\"description\":\"Grupo de amigos aficionados por autom\u00f3veis antigos localizado na cidade de Teres\u00f3polis na Serra Carioca.\",\"publisher\":{\"@id\":\"https:\/\/www.amigosdoantigo.com.br\/site\/#organization\"},\"potentialAction\":[{\"@type\":\"SearchAction\",\"target\":{\"@type\":\"EntryPoint\",\"urlTemplate\":\"https:\/\/www.amigosdoantigo.com.br\/site\/?s={search_term_string}\"},\"query-input\":{\"@type\":\"PropertyValueSpecification\",\"valueRequired\":true,\"valueName\":\"search_term_string\"}}],\"inLanguage\":\"pt-BR\"},{\"@type\":\"Organization\",\"@id\":\"https:\/\/www.amigosdoantigo.com.br\/site\/#organization\",\"name\":\"Clube Amigos do Antigo\",\"url\":\"https:\/\/www.amigosdoantigo.com.br\/site\/\",\"logo\":{\"@type\":\"ImageObject\",\"inLanguage\":\"pt-BR\",\"@id\":\"https:\/\/www.amigosdoantigo.com.br\/site\/#\/schema\/logo\/image\/\",\"url\":\"https:\/\/www.amigosdoantigo.com.br\/site\/wp-content\/uploads\/2018\/01\/logo-amigosdoantigo.png\",\"contentUrl\":\"https:\/\/www.amigosdoantigo.com.br\/site\/wp-content\/uploads\/2018\/01\/logo-amigosdoantigo.png\",\"width\":250,\"height\":234,\"caption\":\"Clube Amigos do Antigo\"},\"image\":{\"@id\":\"https:\/\/www.amigosdoantigo.com.br\/site\/#\/schema\/logo\/image\/\"},\"sameAs\":[\"https:\/\/www.facebook.com\/amigosdoantigo\",\"https:\/\/www.instagram.com\/amigosdoantigo\/\",\"https:\/\/www.youtube.com\/channel\/UC3Dn0gQRgN9PKB3UvuVxTyw\"]}]}<\/script>\n<!-- \/ Yoast SEO plugin. -->","yoast_head_json":{"title":"Participe da 42\u00ba Exposi\u00e7\u00e3o de Autom\u00f3veis Antigos em Teres\u00f3polis-RJ - Clube Amigos do Antigo - Clube Amigos do Antigo","robots":{"index":"index","follow":"follow","max-snippet":"max-snippet:-1","max-image-preview":"max-image-preview:large","max-video-preview":"max-video-preview:-1"},"canonical":"https:\/\/www.amigosdoantigo.com.br\/site\/","og_locale":"pt_BR","og_type":"article","og_title":"Participe da 42\u00ba Exposi\u00e7\u00e3o de Autom\u00f3veis Antigos em Teres\u00f3polis-RJ - Clube Amigos do Antigo - Clube Amigos do Antigo","og_description":"O mais aguardado evento de carros antigos da serra fluminense vem a\u00ed! De 5 a 7 de Setembro, nos reunimos de novo no Teres\u00f3polis Golf Club pra celebrar hist\u00f3ria, amizade e motores que fazem o cora\u00e7\u00e3o acelerar! \ud83d\udd14 Anota a\u00ed e compartilha com os amigos!","og_url":"https:\/\/www.amigosdoantigo.com.br\/site\/","og_site_name":"Clube Amigos do Antigo","article_publisher":"https:\/\/www.facebook.com\/amigosdoantigo","article_modified_time":"2025-08-07T15:25:59+00:00","og_image":[{"width":500,"height":625,"url":"https:\/\/www.amigosdoantigo.com.br\/site\/wp-content\/uploads\/2025\/08\/42-Exposicao-de-carros-antigos-de-teresopolis.jpg","type":"image\/jpeg"}],"twitter_card":"summary_large_image","twitter_misc":{"Est. tempo de leitura":"1 minuto"},"schema":{"@context":"https:\/\/schema.org","@graph":[{"@type":"WebPage","@id":"https:\/\/www.amigosdoantigo.com.br\/site\/","url":"https:\/\/www.amigosdoantigo.com.br\/site\/","name":"Participe da 42\u00ba Exposi\u00e7\u00e3o de Autom\u00f3veis Antigos em Teres\u00f3polis-RJ - Clube Amigos do Antigo - Clube Amigos do Antigo","isPartOf":{"@id":"https:\/\/www.amigosdoantigo.com.br\/site\/#website"},"primaryImageOfPage":{"@id":"https:\/\/www.amigosdoantigo.com.br\/site\/#primaryimage"},"image":{"@id":"https:\/\/www.amigosdoantigo.com.br\/site\/#primaryimage"},"thumbnailUrl":"https:\/\/www.amigosdoantigo.com.br\/site\/wp-content\/uploads\/2025\/08\/42-Exposicao-de-carros-antigos-de-teresopolis.jpg","datePublished":"2024-08-29T12:32:13+00:00","dateModified":"2025-08-07T15:25:59+00:00","breadcrumb":{"@id":"https:\/\/www.amigosdoantigo.com.br\/site\/#breadcrumb"},"inLanguage":"pt-BR","potentialAction":[{"@type":"ReadAction","target":["https:\/\/www.amigosdoantigo.com.br\/site\/"]}]},{"@type":"ImageObject","inLanguage":"pt-BR","@id":"https:\/\/www.amigosdoantigo.com.br\/site\/#primaryimage","url":"https:\/\/www.amigosdoantigo.com.br\/site\/wp-content\/uploads\/2025\/08\/42-Exposicao-de-carros-antigos-de-teresopolis.jpg","contentUrl":"https:\/\/www.amigosdoantigo.com.br\/site\/wp-content\/uploads\/2025\/08\/42-Exposicao-de-carros-antigos-de-teresopolis.jpg","width":500,"height":625},{"@type":"BreadcrumbList","@id":"https:\/\/www.amigosdoantigo.com.br\/site\/#breadcrumb","itemListElement":[{"@type":"ListItem","position":1,"name":"In\u00edcio","item":"https:\/\/www.amigosdoantigo.com.br\/site\/"},{"@type":"ListItem","position":2,"name":"Participe da 42\u00ba Exposi\u00e7\u00e3o de Autom\u00f3veis Antigos em Teres\u00f3polis-RJ &#8211; Clube Amigos do Antigo"}]},{"@type":"WebSite","@id":"https:\/\/www.amigosdoantigo.com.br\/site\/#website","url":"https:\/\/www.amigosdoantigo.com.br\/site\/","name":"Clube Amigos do Antigo","description":"Grupo de amigos aficionados por autom\u00f3veis antigos localizado na cidade de Teres\u00f3polis na Serra Carioca.","publisher":{"@id":"https:\/\/www.amigosdoantigo.com.br\/site\/#organization"},"potentialAction":[{"@type":"SearchAction","target":{"@type":"EntryPoint","urlTemplate":"https:\/\/www.amigosdoantigo.com.br\/site\/?s={search_term_string}"},"query-input":{"@type":"PropertyValueSpecification","valueRequired":true,"valueName":"search_term_string"}}],"inLanguage":"pt-BR"},{"@type":"Organization","@id":"https:\/\/www.amigosdoantigo.com.br\/site\/#organization","name":"Clube Amigos do Antigo","url":"https:\/\/www.amigosdoantigo.com.br\/site\/","logo":{"@type":"ImageObject","inLanguage":"pt-BR","@id":"https:\/\/www.amigosdoantigo.com.br\/site\/#\/schema\/logo\/image\/","url":"https:\/\/www.amigosdoantigo.com.br\/site\/wp-content\/uploads\/2018\/01\/logo-amigosdoantigo.png","contentUrl":"https:\/\/www.amigosdoantigo.com.br\/site\/wp-content\/uploads\/2018\/01\/logo-amigosdoantigo.png","width":250,"height":234,"caption":"Clube Amigos do Antigo"},"image":{"@id":"https:\/\/www.amigosdoantigo.com.br\/site\/#\/schema\/logo\/image\/"},"sameAs":["https:\/\/www.facebook.com\/amigosdoantigo","https:\/\/www.instagram.com\/amigosdoantigo\/","https:\/\/www.youtube.com\/channel\/UC3Dn0gQRgN9PKB3UvuVxTyw"]}]}},"_links":{"self":[{"href":"https:\/\/www.amigosdoantigo.com.br\/site\/wp-json\/wp\/v2\/pages\/13700","targetHints":{"allow":["GET"]}}],"collection":[{"href":"https:\/\/www.amigosdoantigo.com.br\/site\/wp-json\/wp\/v2\/pages"}],"about":[{"href":"https:\/\/www.amigosdoantigo.com.br\/site\/wp-json\/wp\/v2\/types\/page"}],"author":[{"embeddable":true,"href":"https:\/\/www.amigosdoantigo.com.br\/site\/wp-json\/wp\/v2\/users\/50"}],"replies":[{"embeddable":true,"href":"https:\/\/www.amigosdoantigo.com.br\/site\/wp-json\/wp\/v2\/comments?post=13700"}],"version-history":[{"count":55,"href":"https:\/\/www.amigosdoantigo.com.br\/site\/wp-json\/wp\/v2\/pages\/13700\/revisions"}],"predecessor-version":[{"id":13786,"href":"https:\/\/www.amigosdoantigo.com.br\/site\/wp-json\/wp\/v2\/pages\/13700\/revisions\/13786"}],"wp:featuredmedia":[{"embeddable":true,"href":"https:\/\/www.amigosdoantigo.com.br\/site\/wp-json\/wp\/v2\/media\/13782"}],"wp:attachment":[{"href":"https:\/\/www.amigosdoantigo.com.br\/site\/wp-json\/wp\/v2\/media?parent=13700"}],"curies":[{"name":"wp","href":"https:\/\/api.w.org\/{rel}","templated":true}]}}